
7
Let m(y) = 2*y**2 + 17*y - 13. List the prime factors of m(-16).
227
Let q(i) = -i**3 - 8*i**2 + 13*i + 3. List the prime factors of q(-10).
73
Let i(t) = -2*t**2 - 12*t + 3. Let w(f) = f**2 + 6*f - 2. Let x(h) = -6*i(h) - 11*w(h). Let g be x(-8). Suppose -g = -3*u - u. List the prime factors of u.
5
Suppose 3*n = 2*d + 15, 6 = -0*d - 4*d - 2*n. Let j be -2 - d - 0 - -7. Suppose -2*i - j = -4*i. What are the prime factors of i?
2
Suppose 2*a = 2*o + 78, -a + 2*o + 51 = 5*o. List the prime factors of a.
2, 3, 7
Suppose 3*m - 3*b = -195, 0 = 5*m + 3*b - 0*b + 349. Let r = 98 + m. List the prime factors of r.
2, 3, 5
Suppose -2*y - 1732 = -4*n + 3*y, -4*n - y + 1756 = 0. What are the prime factors of n?
2, 3, 73
Suppose s + 3*x = 23, -5*s - 3*x + 163 = -4*x. Suppose 3*w + 5 = s. What are the prime factors of w?
3
List the prime factors of (-2 - 0 - -31)/1.
29
Let d = 66 - -6. List the prime factors of d.
2, 3
Suppose 4*n + 2*t + 8 = 0, 2*t = -2*n + 3*t. Let p = -1 + n. Let y = p + 9. What are the prime factors of y?
7
Let o(k) = -k - 25. Let y(z) = -z - 12. Let r(m) = -2*o(m) + 5*y(m). List the prime factors of r(-8).
2, 7
Suppose 2 - 2 = 7*y. Suppose 13 = w + 5. Suppose y = -c + 2 + w. What are the prime factors of c?
2, 5
Let s be 4/8 - 5/2. Let w = s + 2. Suppose w = -4*x + 65 - 21. What are the prime factors of x?
11
Let p be 3/(-6)*(-3 - 1). Suppose p*s - 5*q = 16, -2*s = -6*s - q + 10. List the prime factors of s.
3
Let n(b) = -6*b + 11. Let v be n(-10). Suppose 1 = -5*w + v. List the prime factors of w.
2, 7
Let r = 278 + -110. What are the prime factors of r?
2, 3, 7
Suppose 2*r = 6 + 8. Let l(c) = -c**3 - 5*c**2 - 6*c - 6. Let f be l(-4). Let w = r - f. List the prime factors of w.
5
Suppose 0 = -2*m + m + 143. What are the prime factors of m?
11, 13
Let k be 0 + 0 + 3/(-1). Suppose 4*a + 0 + 4 = 0. List the prime factors of 1*1/a*k.
3
Let r(n) = 5*n**2 + n. Let c = 10 + -8. List the prime factors of r(c).
2, 11
Suppose 0 = -2*j - 78 + 4. Let o = 56 + j. What are the prime factors of o?
19
Let v(l) = l**3 - 7*l**2 + l - 2. Let u be (-42)/(-18)*6/2. What are the prime factors of v(u)?
5
Suppose 5*k + 2*u = 47 - 15, 2*u = 2. List the prime factors of (-3 + k)*28/6.
2, 7
Let x = 742 - 332. List the prime factors of x.
2, 5, 41
Let r = -125 - -219. What are the prime factors of r?
2, 47
Let n = 4 - 4. Suppose 0 = 2*u - n*u - 48. List the prime factors of u.
2, 3
Suppose 2*m + 5*b - 7 = 25, 0 = -2*m - 2*b + 26. What are the prime factors of m?
11
Let b(a) = 2*a**2 + 6*a - 9. Let x(i) = -i**2 - i - 1. Let l(w) = b(w) + x(w). List the prime factors of l(-10).
2, 5
Suppose 100 - 812 = -4*y. What are the prime factors of y?
2, 89
Let k(c) = -c**3 - 5*c**2 + 6*c - 1. Let l be k(-6). What are the prime factors of (1 - 1 - l)*15?
3, 5
Let z be ((-2)/(-6))/(2/6). Suppose -29 - z = -2*l. Suppose -2*b = -b + 4, b = h - l. What are the prime factors of h?
11
Suppose 2*g = -5*r + 4*g - 2, -3*g + 3 = 0. Suppose -38 = -2*n - r*n. What are the prime factors of n?
19
Let t(p) = p - 1. Let g(n) = -n + 1. Let a(f) = -3*g(f) - 2*t(f). Let c be a(6). Let z(s) = -s**2 + 4*s + 7. List the prime factors of z(c).
2
Suppose 31 + 3 = u. What are the prime factors of u?
2, 17
Let i(b) = 18*b**2 - 1. Let u = -7 + 6. What are the prime factors of i(u)?
17
Let l(d) = -2*d**3 - d**2 - d + 2. Let x(k) = -k**2 + 6*k - 7. Let n be x(5). What are the prime factors of l(n)?
2
Let t = -6 - -5. List the prime factors of 16 - t/(-1)*0.
2
Suppose -3*n + n - 4 = 0, -n - 5 = 3*s. Let k = s - -3. List the prime factors of k.
2
Suppose 2*m = -5*o + o + 500, -5*m + 615 = 5*o. Suppose 0 = 4*g + 7 - o. List the prime factors of g.
2, 3, 5
Suppose 25 = -2*t + 7*t. Suppose 4*f + 2*y - 2 = -4, -5*y - 25 = 0. List the prime factors of (2 + 2)/(f/t).
2, 5
Let f = 0 - 0. Suppose -2*p = -f*d - 3*d + 14, 0 = -d - p + 3. Suppose -g = -5*j - 9, -3*j = d*g - 4*j - 17. What are the prime factors of g?
2
Suppose -8*n - 360 = -10*n. What are the prime factors of n?
2, 3, 5
Let c be (10/4)/((-6)/(-24)). Let l = c + -6. What are the prime factors of l?
2
Let x(o) = -3*o + 110. What are the prime factors of x(0)?
2, 5, 11
Let w = 111 - 65. What are the prime factors of w?
2, 23
Suppose 4*g + 52 = w, 0 = g + 2*g + 15. Let z = 52 - w. Let m = z - 14. List the prime factors of m.
2, 3
Let v(o) = 2*o**2 - 3*o. Let k be v(3). Suppose -25 = -s - k. List the prime factors of s.
2
Let z = 39 - 22. Let v = z - 0. List the prime factors of v.
17
Suppose 2*t + 5*y - 64 = 5*t, -4*y = t + 10. Let l = t + 25. What are the prime factors of l?
7
Let m(x) = -3*x - 4. What are the prime factors of m(-5)?
11
Let b(n) = 4*n**3 - 3*n**2 + 5*n - 2. List the prime factors of b(3).
2, 47
Let r(t) = -t**3 - 4*t**2 + 7*t + 6. Let j be r(-6). Suppose -3*m = -2*s - 0*m + j, 56 = 5*s + m. What are the prime factors of s?
2, 3
Let t(x) = 2*x - x**2 + 3*x**2 - 3*x - x**2. Let k be t(-1). Suppose -5*h + 35 = z + k*z, -4*z = 3*h - 32. What are the prime factors of h?
2
Suppose -1 = -k + 6. Suppose -10 = -2*h + 4*d - 3*d, -18 = -3*h + 3*d. Suppose h*y = 1 + k. List the prime factors of y.
2
Let b(d) = d**3 + 7*d**2 - 9*d - 8. Let l be b(-8). Let v(w) = w**2 + 8. What are the prime factors of v(l)?
2
Suppose -3 = -d + 31. List the prime factors of d.
2, 17
Let s(o) = -15*o**3 - o**2 - 2*o - 1. Let v be s(-1). Suppose -2*g = 3*g - v. Suppose g = 3*d - 30. What are the prime factors of d?
11
Let i = 18 - 10. Suppose 13*u = i*u + 125. List the prime factors of u.
5
Suppose -5*m - 89 = 4*j, m = -3*m - 4. Let s(c) = c**3 - c + 29. Let n be s(0). Let l = n + j. What are the prime factors of l?
2
Let l(c) = -c**3 - c**2 - 6*c + 8. List the prime factors of l(-4).
2, 5
Let h be 4*4/48*3. List the prime factors of h*10*3/6.
5
What are the prime factors of (-1310)/(-14) + 33/77?
2, 47
Let d(r) = r**2 - 1 + r + 16*r**2 - r. What are the prime factors of d(1)?
2
Suppose 4*z + 3*x - 112 = 0, -2*z = -z + 4*x - 28. What are the prime factors of z?
2, 7
Let u = -3 - -1. Let l = 4 + u. Suppose 2*w - 12 = -l*w - 2*h, 3*w - 4*h - 9 = 0. List the prime factors of w.
3
Suppose 4*b - 4 = 2*b. Suppose 2*r - 52 = -b*r. Suppose -r = 5*p - 48. List the prime factors of p.
7
Suppose 2*x - 1 = -2*p + 7, -5*x = -15. Let f be p - (-32 + 4/(-2)). Let k = -20 + f. List the prime factors of k.
3, 5
Suppose -4*r + 7*x - 3*x = -28, 5*r - 2*x = 23. Suppose r*p = 4 + 5. What are the prime factors of p?
3
Suppose -5*u + 3 = -7. Let t be u - 0/(0 - -3). Suppose -w + 11 = -t*w - 4*c, w + 7 = -3*c. What are the prime factors of w?
5
Let g be 29/1 - (0 - -4). Let y be (16/(-6))/((-1)/6). Let o = g - y. List the prime factors of o.
3
Suppose 0*i + 12 = 3*i + 2*z, 2*z = 0. List the prime factors of i.
2
Suppose 5*d = d + 156. What are the prime factors of d?
3, 13
Let r(j) = 2*j**2 - 6*j + 1. Let f(n) = -n**2 + 5*n. Let m(t) = 3*f(t) + 2*r(t). Let l be (1 + -5)/(-1 - -2). List the prime factors of m(l).
2, 3
Suppose 114 + 102 = 4*f. What are the prime factors of f?
2, 3
Let j = -5 - -2. Let r = 6 + j. What are the prime factors of r?
3
Let o be (2/3)/((-2)/3). What are the prime factors of o*(0 + 0) - -10?
2, 5
Suppose 0 = 5*f - 3*a, 2*a = 2*f + a. Let p(v) = -v**2 + 20. List the prime factors of p(f).
2, 5
Suppose 3*h - 2*t = -t + 679, 2*t = 5*h - 1131. List the prime factors of h.
227
Let g be 6/4*(-80)/(-12). Let t = g + -8. Suppose 0 = d - t*d + 16. What are the prime factors of d?
2
Let g(z) = -12*z + 1. Let i(v) = -2*v**2 + v - 1. Let r be i(1). List the prime factors of g(r).
5
Suppose p - 5*r = -4*r + 2, -r = 0. Suppose 2*j = 5*w - 20, -j = p*j. Suppose -2*x - 14 = -3*a, 3*x = 7*x + w. What are the prime factors of a?
2
Suppose -j - 12 + 42 = 0. What are the prime factors of j?
2, 3, 5
Let s = -23 - -25. Suppose 3*c - 32 = -s*w + 2*c, -3*w + c + 58 = 0. List the prime factors of w.
2, 3
Suppose 4*z - 16 = 52. Suppose -9*x - 5 + 23 = 0. What are the prime factors of z/x + (-3)/(-2)?
2, 5
Suppose 3*x - 6*x + 6 = 0. Suppose 0 = -2*v - x*v + 168. Suppose -2*f - f + 21 = -5*u, -4*f = -2*u - v. List the prime factors of f.
2, 3
Let v = 104 - 64. List the prime factors of v.
2, 5
Let u(w) = -w**3 + 11*w**2 + 9. Suppose 0 = -7*m + 2*m - 4*f - 10, 0 = -4*f. Let i be m/(-6) + 